w). Let s be u(-3). Suppose -8 = -4*z + s. What is the units digit of z?
4
Let q = -40 + 43. Suppose q*z = 4*g - 2, g + g = 2*z. Suppose g*v + 3*a = v + 165, 3*v - 465 = a. What is the units digit of v?
6
Suppose -5*z + h + 11970 = 0, -30*z + h - 9576 = -34*z. What is the thousands digit of z?
2
Let r(a) be the third derivative of 5*a**4/12 + 7*a**3/3 + 7*a**2. Let o be r(6). Let m = 116 - o. What is the tens digit of m?
4
Suppose 2*a + 82 = 4*m, 2*m = -4*a - m - 219. Let c = -46 - a. Let v(b) = 2*b**3 - 10*b**2 + 5*b + 6. What is the units digit of v(c)?
1
Let v = -978 - -1937. Let y = v - 688. What is the units digit of y?
1
Let v = 36945 + -26337. What is the tens digit of v?
0
What is the units digit of (2/3)/(4/(-1531)*(-9)/378)?
7
Let a(o) = o**3 + o**2 - 15*o + 4. Let b be a(-7). Let t = -40 - b. Suppose s - 620 = -q - 4*q, 0 = -q + 4*s + t. What is the hundreds digit of q?
1
What is the tens digit of 9042 - -28*10/20?
5
Suppose -5 = -5*y - 0, 2*i - y = 1. Let s be i*6/10 + 5022/30. Suppose -49*k = -45*k - s. What is the units digit of k?
2
Let y(a) = -1. Let d be (4 - -10*9/(-24))*-4. Let u(s) = 15*s + 10. Let c(i) = d*u(i) + y(i). What is the tens digit of c(-5)?
6
What is the units digit of 123/2*(7542/54 - 17)?
4
Let o = 280 + -183. Suppose 363 = n + o. What is the units digit of n?
6
Let a(q) = 3*q**2 - 5*q - 392. What is the units digit of a(15)?
8
Suppose 203 - 287 = -2*l. Suppose -l*a = -14954 - 3778. What is the units digit of a?
6
Let h(j) = -j - 3. Let o be 6/45 + 231/(-45). Let z be h(o). Suppose 5*g - z*t = 862, -3*t + t + 342 = 2*g. What is the hundreds digit of g?
1
Let s = -19660 - -24261. What is the thousands digit of s?
4
Let o(h) = h**3 - 59*h**2 - 138*h + 1539. What is the hundreds digit of o(74)?
4
Let k = 27 + -12. Suppose k = -5*z + 5*o, 5*z = -0*z + o + 1. What is the tens digit of (1 + z)/(3/111)?
7
Let h = -202 - -259. Let q = h - -8. What is the tens digit of q?
6
Let t = 615 + -106. Suppose 20 = -4*v, 0*v - t = -2*z + v. Suppose -r - 2*r + z = 0. What is the units digit of r?
4
Let y(v) = 77*v + 69. Suppose 17*m - 60 - 8 = 0. What is the hundreds digit of y(m)?
3
Suppose 3*q = 5*q + 4*j + 10, -j = -5*q + 30. Let z(c) = 3 - 9 - 7 - 1 + q*c**2 - 30*c. What is the hundreds digit of z(10)?
1
Let k(d) = 6*d**3 + 4*d**2 + 6*d + 34. Let o be k(-5). Let a = 1428 + o. What is the units digit of a?
2
Let l(f) = -17 + 3*f - 7 + 4 - 6*f. Let g be l(-7). What is the tens digit of ((-332)/(3 - g))/(-2)?
8
Suppose 5*f = -n + 283, 3*f + 2*f = n - 303. Suppose z + 95 = n. Suppose -o - o = 2*d - z, -3*o = -3*d + 303. What is the tens digit of d?
0
Let c be 62/30*2 - (-4)/(-30). Suppose 0 = -5*z - 2*w + 1648, 3*w = c*z - 1568 + 268. What is the hundreds digit of z?
3
Suppose 5049 = 8*f - 511. Suppose 0 = 10*c - 2045 - f. What is the hundreds digit of c?
2
Suppose 4*a - 8 = 0, -17*m + 3*a = -18*m + 7177. What is the hundreds digit of m?
1
Suppose -3*s = 419*h - 420*h - 11762, -4*h - 8 = 0. What is the units digit of s?
0
Let x = -22 - -26. Suppose 0 = -4*i + 2*u + 2*u - 64, -x*i = u + 79. Let s = i + 22. What is the units digit of s?
3
Suppose 9*l = 1673 - 467. Let b = 111 + -36. Suppose -3*m = -2*k - 308, 2*m - b - l = 5*k. What is the tens digit of m?
0
What is the hundreds digit of 6 - (-10)/(480/(-2196))*-916?
9
Let m(y) = y - 8. Let s be m(-3). Let d = s + 13. Suppose -d*f = -58 - 208. What is the units digit of f?
3
Suppose 0 = 34*g - 221340 + 73678. What is the hundreds digit of g?
3
Let v(g) = g**3 + 8*g**2 - 24*g - 17. Let p be v(-10). Let i be 1/((4/(-3))/(-4)). Suppose 371 = i*t + p. What is the tens digit of t?
1
Let u(j) = 917*j + 11. Let d be u(2). Let g = -784 + d. Suppose 0 = 7*w - g - 262. What is the tens digit of w?
8
Let d(o) = -4*o - 9. Let r be d(0). Let g(z) = z**2 - 9*z - 49. What is the tens digit of g(r)?
1
Let a be 5*3*2009/21. Suppose 7*j - 3*n - a = 3*j, j - n - 360 = 0. What is the hundreds digit of j?
3
Let v = 936 + 62. Let p = -585 + v. What is the hundreds digit of p?
4
Let w = -63886 + 97142. What is the tens digit of w?
5
Let i be (33 + -31)*(2 + 77/1). Suppose 0 = -i*q + 161*q - 5076. What is the tens digit of q?
9
Suppose 24*z = 1912 - 11512. What is the tens digit of -4 + z/24*-57?
4
Let m be 4/18 + (-511)/(-9). Suppose 0 = 4*k - 12, m = 2*h + h + 2*k. Suppose 2*p - 75 - h = 0. What is the tens digit of p?
4
Let f = -34136 + 54070. What is the ten thousands digit of f?
1
Let y = 181 + -185. What is the units digit of ((-132)/110)/(y/170)?
1
Let l(c) = -504*c - 3524. What is the tens digit of l(-17)?
4
What is the tens digit of -2188*(-12 - -23 - 14)?
6
Suppose -u + 5*t = -10915, 0 = -3*u - 5*t - 17998 + 50683. What is the thousands digit of u?
0
Let p = 12 + -8. Suppose p*q = l + 1541, q = l - 110 + 496. Suppose j + c = -2*c + 99, 4*j - q = -c. What is the units digit of j?
6
Let j(k) = 2662*k + 63. What is the tens digit of j(5)?
7
Suppose -2*m - 4*w + 20921 = -20677, 5*m = 2*w + 104055. What is the hundreds digit of m?
8
Let k(w) = w**3 + 35*w**2 - 39*w - 50. Let x be k(-36). Suppose 0 = -x*m + 61*m - 678. What is the units digit of m?
6
Suppose -4*r - 3*s = -0*r + 1002, 0 = -2*s - 4. Let g = r - -364. Let j = g - 59. What is the tens digit of j?
5
Suppose 282 = -116*y + 113*y. Let v = y - -568. What is the hundreds digit of v?
4
Suppose 5*s - 46 = -6. Let w(z) be the second derivative of z**5/20 - 7*z**4/12 + 2*z**3/3 + 3*z**2 - 3*z - 673. What is the tens digit of w(s)?
0
What is the thousands digit of (15 - -27767) + 140/10?
7
What is the tens digit of 69/(-69)*(75/(-9))/((-3)/(-29790))?
5
Let n = -2699 - -3451. What is the tens digit of n?
5
Let p(k) = -2828*k - 6309. What is the units digit of p(-9)?
3
Let s = 28 + -1. Let a = 314 + -198. Suppose s = -h + a. What is the units digit of h?
9
Suppose 289*a - 293*a = 0. Suppose -2*k + 751 = w, a*k - 5*w + 731 = 2*k. What is the units digit of k?
8
Suppose 3*x - 4*j + 11852 = 85825, -2*x + 49304 = 3*j. What is the units digit of x?
5
What is the hundreds digit of (-723 - -16)*(-52)/14?
6
Let s be (6239/(-68))/(-1*1/(-4)). What is the units digit of (s/(-2))/(-5*(-3)/30)?
7
Suppose 5*g + 5242 = 16*g - 64883. What is the tens digit of g?
7
Let i = -210 - -214. Let b(x) = -x**3 + 13*x**2 + 3*x - 7. What is the tens digit of b(i)?
4
Suppose -v - 1 = -p, -v = -3*p + 3 - 8. Let d be (7 - p)*(15/(-5))/6. What is the hundreds digit of d/1 - -244 - 1?
2
Let x = 24358 - 17108. What is the thousands digit of x?
7
Suppose 5*z - 7*z + 4 = 0. Suppose z*p + 3*j - 238 - 182 = 0, 5*p - 1068 = -3*j. What is the tens digit of p?
1
Let m(r) = -r**3 - 13*r**2 - 9*r + 40. Let c be m(-12). Suppose -c*k = 7*k - 880. What is the units digit of k?
0
Let g(o) = o**3 + 9*o**2 - 3*o - 12. Suppose -l = -9*l + 24. Suppose n - t + 0 = -5, l*n + 2*t = -35. What is the units digit of g(n)?
5
Let z = -24 + 81. Let w = z + -59. What is the hundreds digit of 2 - 6/w - -189?
1
Let g = 8 + -14. Let z(i) = 15*i + 1. Let w be z(1). Let q = g + w. What is the units digit of q?
0
Let m(g) = 13*g**2 + 21*g - 40. Let l be m(6). What is the units digit of (-132)/(-297) + l/9?
2
Let i be 41/2*(-5 + 7). Suppose i*q + q - 48468 = 0. What is the hundreds digit of q?
1
Suppose -53*n - 928 = -69*n. What is the tens digit of n?
5
Let j(o) = 91*o**3 + 8*o**2 + 16*o - 105. What is the hundreds digit of j(5)?
5
Let m = -130 - -7142. What is the hundreds digit of m?
0
Let d(f) = 43336*f**2 - 105*f - 99. What is the ten thousands digit of d(-1)?
4
Let m(w) = w**3 - 7*w + 9. Suppose 7 = 3*o + 4*o. Let r(p) = 5*p**2 + 2*p - 1. Let g be r(o). What is the tens digit of m(g)?
8
Let z(u) = u - 1. Let r be z(8). Suppose 0 = 5*i - 5*g - 695, 4*i = -r*g + 2*g + 601. Let q = i + -57. What is the tens digit of q?
8
Let l(p) = -p**3 + 7*p**2 + 3*p - 9. Let t be l(7). Let y be ((-18)/t + -1)/(2/4). Let h(v) = 6*v**2 + 29*v + 3. What is the units digit of h(y)?
8
Let l(m) = -2*m**3 - 4*m**2 - 2*m + 13. Let u be l(-3). Suppose 2*k = 231 + 29. Suppose -a + k = u. What is the tens digit of a?
9
Suppose -2 = 2*a + 4*i, -2*a + 5*i - 8 = -24. Suppose 26*m + h - 2926 = 23*m, a*m = 5*h + 2920. What is the hundreds digit of m?
9
What is the thousands digit of (-12)/18 + 84138/9?
9
Suppose 4*j - 12 + 0 = 0. Suppo